)/18.
4
Let j = 1554 - -443. What is the remainder when j is divided by 200?
197
Suppose 483 + 1479 = 18*k. Suppose 0 = 5*p - 101 - k. Calculate the remainder when 43 is divided by p.
1
Let h be (8/(-36))/((-12)/972). Suppose -23*s + h*s = -1025. Calculate the remainder when s is divided by 31.
19
Suppose -11*w - 27*w - 4575 = -53*w. What is the remainder when w is divided by 4?
1
What is the remainder when (-277)/((-81)/(-9) + -3 - 7) is divided by 7?
4
Suppose -37*v = -1853 + 1002. What is the remainder when 940 is divided by v?
20
Let y(c) = 573*c - 3414. What is the remainder when 1169 is divided by y(6)?
17
Suppose -31*z + 25*z = -43*z + 89466. Calculate the remainder when z is divided by 20.
18
Let g = 29 - -36. Suppose 4*f - f = 3*b + 120, b = -2*f + g. Calculate the remainder when (-1)/5 - 5160/(-50) is divided by f.
33
Let q(r) = 19*r**3 + 3*r - 5 - 5*r**3 + 2*r**2 - 17*r**3 + 32*r**3. Calculate the remainder when q(2) is divided by 62.
55
Let j = -46883 - -47336. What is the remainder when j is divided by 13/(-2)*-1*2?
11
Let h(m) = 4*m - 3*m - 2*m + 6. Suppose -2*z - 5*r = -91, 3*r = -5*z + r + 259. What is the remainder when z is divided by h(-3)?
8
Let t(o) = -20*o - 2. Suppose 0 = -3*d - 3*d + d. Suppose -2*y - 5*j + 17 = d, 0 = 5*y - 3*j + 30 + 5. What is the remainder when t(y) is divided by 20?
18
Suppose -5*h + 85 = 5*d, -4*d - 41 = -2*h + d. What is the remainder when (-2 - (-200)/(-15))/((-3)/27) is divided by h?
12
Suppose -491641 = 40*v - 492441. Let o = -20 - -58. Calculate the remainder when o is divided by v.
18
Suppose -25 = -5*n, 3 - 18 = -5*f + n. What is the remainder when 2226/18 - (f/(-3) + 1) is divided by 18?
16
Let s = 225 - 377. Let d = 165 + s. Calculate the remainder when 491 is divided by d.
10
Suppose -2*f = 5 - 3. Calculate the remainder when (-372)/(-186)*22/4 is divided by 3 - (-1 + f)/2.
3
Let h = -19037 + 19052. What is the remainder when 5443 is divided by h?
13
Let h = -68 - -206. Let n(v) = -2*v**2 - 181*v - 253. Calculate the remainder when h is divided by n(-89).
12
Let x be (-11)/(-44) + 22/8. Suppose -x*v = a - 9, 4*a - v = -5*v + 52. Suppose -30*g - 162 = -48*g. What is the remainder when a is divided by g?
6
Suppose 0*v + 4*h = -v + 8, -4*h = 2*v - 24. Suppose -426 = -3*d - 4*c, 6 = c + 3. Let n = d + -108. What is the remainder when n is divided by v?
14
Suppose 0*x + 5*x = 2*h - 63, 0 = -4*x + 4. Suppose 12*f = 6*f + 282. Let w = -35 + f. What is the remainder when h is divided by w?
10
Suppose -5*u + 791 = -109*w + 112*w, 147 = u - 5*w. What is the remainder when 195 is divided by u?
38
Let k = -3607 - -3826. What is the remainder when k is divided by 111?
108
Suppose -12*r + 4199 = -25*r. Let x = r - -454. Calculate the remainder when x is divided by 20.
11
Let u(r) = r + 21. Let q be u(-17). Suppose -2*s + q = 8. What is the remainder when 56 is divided by s/3 - (-40)/6?
2
What is the remainder when 4285 is divided by 1/((-10)/(-6) - 2)*(841 - 868)?
73
Suppose 0 = -20260*g + 20248*g + 6360. Calculate the remainder when g is divided by 26.
10
Let c = 1829 - 1812. What is the remainder when 233 is divided by c?
12
Suppose -m - 2*f = 5, 0 = 15*m - 10*m + 5*f + 5. Suppose 0 = g - x - 11, 100 = 4*g + 3*x + 28. What is the remainder when (72/g)/(m/15) is divided by 15?
9
Let c = -1292 + 1865. Suppose -2*u + 25*v = 22*v - 233, -2*v = 5*u - c. What is the remainder when u is divided by 18?
7
Let u(n) be the second derivative of -n**5/20 - 11*n**4/12 - 11*n**3/6 - 7*n**2/2 + 2*n. Let g be (6 - 29/4)*8. What is the remainder when 6 is divided by u(g)?
0
Let y = 169605 + -169469. Suppose -3*v = 4*a - 38, -4*v - 6*a + 50 = -a. Calculate the remainder when y is divided by v.
6
Suppose -13*v - 2347 = 2684. Let y = 390 + v. Calculate the remainder when 52 is divided by y.
1
Suppose 6*i = 70*i - 16960. What is the remainder when i is divided by 15?
10
Suppose 5*b - 5*x - 45 = 40, -5*b + 115 = 5*x. Suppose 16513 = -40*j - 7847. Let f = -596 - j. Calculate the remainder when b is divided by f.
7
Suppose -4*n + 114 = 3*i, -6*n + 2*i + 131 = -n. Suppose -98*f + 877*f = 7790. What is the remainder when n is divided by f?
7
Suppose -4*r - 2*g = -648, 90*r - 481 = 87*r - 4*g. Calculate the remainder when r is divided by 149.
14
Let z be 2 + 5 + -5 - -1. Let w be 3*1/12*4 + z. Suppose -4*u + w*o = -44, -4*u + o + o = -46. What is the remainder when u is divided by 4?
0
Let i = 16752 - 16744. Calculate the remainder when 12157 is divided by i.
5
What is the remainder when -36 + (-1456)/(-42) - 24565/(-3) is divided by 178?
177
What is the remainder when (5 - (-167 - -8)) + -2 is divided by 28?
22
Let x = 109 - 104. Suppose -3*o + x*o - 344 = 2*l, 2*o - 339 = l. What is the remainder when o is divided by 8?
7
Let x = 2723 - 2669. Calculate the remainder when 206 is divided by x.
44
Let q = 316 - -283. Suppose 0 = 13*n - q - 454. Calculate the remainder when n is divided by 43.
38
Let g(b) = -2*b**2 - 8*b - 4*b - 19 - 3*b - 16*b. What is the remainder when g(-14) is divided by 16?
7
Let g(a) = 4*a**3 - 2*a + 8*a - 3*a - 4*a. Let m be g(1). Suppose -9 = -2*p + 4*l + 151, -4*p = -m*l - 300. Calculate the remainder when p is divided by 25.
22
Suppose 4*d + 92 = -3*a + 5*a, 0 = -4*a + d + 156. Let z = -656 + 883. Calculate the remainder when z is divided by a.
37
Suppose -4*t + 2*t - 3*u + 879 = 0, -3*t = u - 1322. Let o = t + -313. What is the remainder when o is divided by 10?
8
Suppose -13*o = -126*o + 107676 - 36147. What is the remainder when o is divided by 212?
209
What is the remainder when 301 is divided by 4 - 504/(-9) - 12?
13
Let j(k) = -k**3 + 76*k**2 - 103*k + 51. What is the remainder when j(74) is divided by 89?
88
Calculate the remainder when -18*(-2)/1 - (16 + -13) is divided by (-10)/15*(-78)/4 - -5.
15
Calculate the remainder when -12*(-61434)/792 - (8/22)/(-2) is divided by 915.
16
Let c(y) = 15*y + 157. Let f(x) = -3*x - 39. Let d(j) = 4*c(j) + 18*f(j). What is the remainder when 13 is divided by d(13)?
1
Let u = 484727 - 484669. Suppose -5*f + 95 + 15 = 0. What is the remainder when u is divided by (-2)/(-2) + -2 + f?
16
Let w(l) = -4*l**2 + 3*l + 28. Let h be w(12). Let i = -422 - h. Calculate the remainder when 352 is divided by i.
82
Let m(c) = c**3 + 5*c**2 + 5. Let w = -460853 + 461012. Calculate the remainder when w is divided by m(-4).
12
Suppose -3*h + 0*h = q - 11, 2*h - 47 = -3*q. Let l be 6/14 - 5/(35/3). Suppose l = 3*r - 303 + 102. Calculate the remainder when r is divided by q.
16
Let s = 166 - 97. Suppose 814*c - 810*c - 5*z - 144 = 0, 2*z + 16 = 0. Calculate the remainder when s is divided by c.
17
Let s(m) = -5*m**2 - 137*m - 58. Calculate the remainder when 269 is divided by s(-25).
27
Suppose 4*v + 1173 = 9*v - 4*b, -1200 = -5*v - 5*b. What is the remainder when v is divided by (-602)/(-10) - 17/85?
57
Let t = 1203 + -669. Suppose -3*p - 3*p = t. Calculate the remainder when -3*p*3/36*4 is divided by 46.
43
Let t = 539 - 354. Suppose -2*j = -2*l - 70, -28 = 5*j + l - t. Calculate the remainder when 60 is divided by j.
28
What is the remainder when 1422 is divided by 14 + -4 + -5 + 235 - 6?
18
Let h = -15 + 17. Suppose -30 = -5*c - 5*d, -2*c + 12 = -h*d + 7*d. Let a(z) = -z + 30. Calculate the remainder when a(c) is divided by 9.
6
Suppose -4*b = 5*t - 0*t - 14, 4*t + 2 = -b. Let g = 594 - 565. Suppose -g*j + 25*j = -40. Calculate the remainder when j is divided by b.
4
Suppose -281*m + 22977 = 979*m - 31203. Let l = -290 - -457. Calculate the remainder when l is divided by m.
38
Let f(q) = q**3 - 14*q**2 + q - 9. Let u be f(14). Suppose -1 - 6 = -w + 4*d, -5*w + 80 = -u*d. Calculate the remainder when 170 is divided by w.
18
Calculate the remainder when 2256 is divided by 199 + -196 - (-40 - 1).
12
Suppose -h + 2*h = 11. Suppose -40*o - 166*o + 72980 = 239*o. Calculate the remainder when o is divided by h.
10
Let j = -50 - 72. What is the remainder when 182 is divided by ((-1)/2)/1*j?
60
Suppose 2*k = 783 + 257. Suppose 0 = y - 6*y + k. Let p = 2274 - 2247. Calculate the remainder when y is divided by p.
23
Let f = 134 - 168. Let v = -18 - f. What is the remainder when 142 is divided by v?
14
Let c(g) = -20*g + 22. Let q be -7 + (-10)/(-1) + -4. Calculate the remainder w